common factor of c and 869.
11
Suppose 4*r + y - 2377 = 0, -4*y - 2966 = 11*r - 16*r. Calculate the highest common divisor of r and 44.
22
Suppose -t = -n - 6*t + 234, -5*n = 5*t - 1130. What is the greatest common divisor of 308 and n?
28
Suppose 4*a = -o + 128 + 46, 5*o - 816 = -2*a. Let i = -126 + o. What is the highest common factor of i and 36?
36
Let r(f) = -11*f - 3. Let m be r(-6). Suppose 4*t - 55 = 5*c, -4*t + 0*c + m = 3*c. Let b = 52 - 22. What is the greatest common factor of b and t?
15
Let k be (-2432)/(-247) + (-4)/(-26). Let u be (-15 + 415)*(-6)/(-15). Calculate the greatest common divisor of u and k.
10
Let q(x) = 12 + x + 7 + 7 + 0*x. Let d be q(-9). What is the greatest common factor of d and 136?
17
Let w(h) = 20*h**2 + 27*h. Let s be w(-2). What is the highest common factor of 1495 and s?
13
Let s be ((-44)/16 + -7)*-4. What is the greatest common divisor of s and 1950?
39
Let s = 126 + 140. Calculate the highest common factor of s and 19.
19
Let o be (-2652)/(-63) + 36/(-378). What is the greatest common factor of o and 210?
42
Let m be (27/(-12))/((-16)/192). Let g(v) = -v**3 + v - 1. Let w be g(-2). Let q be (9/(-4))/(w/(-20)). Calculate the greatest common divisor of q and m.
9
Let h be (12 + -19)*(4 + 0). Let p be (-7)/h - (-7)/4. Let n(z) = -2*z - 16. Let w be n(-11). What is the highest common factor of p and w?
2
Let i = -1 + 7. Suppose -j - 60 = -5*l, -3*j + 3*l = i*l + 216. Let b = 130 + j. Calculate the greatest common factor of b and 20.
20
Suppose 38 = 2*z - 26. What is the greatest common divisor of 96 and z?
32
Suppose -3*v + 13 = -8. Let l be (5/(-15))/((-5)/1185). Let t = 107 - l. What is the highest common factor of t and v?
7
Suppose 4*t = -0*t + 92. Suppose -6*k + 7*k - l = 70, -4*l = 4*k - 240. Let j = 27 + k. What is the greatest common divisor of t and j?
23
Let g = 180 - 76. Suppose -2*n - 4*h + 80 = 0, 3*n - g = -0*n + 2*h. Let k = -14 + n. Calculate the highest common factor of k and 11.
11
Suppose -f + 13 = -0*f. Suppose -p = 5*c - 9, -2*c - 2*c = 5*p - 24. Let r(a) = 24*a - 5. Let t be r(p). Calculate the highest common factor of f and t.
13
Suppose -10*m + 6*m + 555 = -5*v, -v + 141 = m. Calculate the highest common divisor of 20 and m.
20
Let x = 2526 + -2240. What is the highest common divisor of 1859 and x?
143
Let w(p) = -p**3 - 2*p**2 + 4*p + 3. Let a be w(-4). Let c = 93 - a. Let u = c - 38. What is the highest common divisor of 4 and u?
4
Let d(z) = z**3 - 10*z**2 + 23*z - 8. Let j be d(7). What is the greatest common factor of 15 and j?
3
Let g = 64 + 44. Let l be 9 + (187/3 - (-32)/48). What is the highest common factor of g and l?
36
Let b be (3/4)/((-24)/(-128)). Suppose b*t - 3 = t. Let d be 357/(-34)*(-3 + t). What is the greatest common factor of d and 105?
21
Let x be (0 - 1)*(-2)/1. Suppose -5*d + 8 = f, -f + 2*d + 3*d - x = 0. Let u be (2 - 33/f)*-5. Calculate the greatest common divisor of u and 5.
5
Let b(x) = x**3 + 5*x**2 - 4*x - 9. Let u be b(-5). What is the greatest common divisor of 539 and u?
11
Let j be ((-20420)/(-170))/1 + (-4)/34. Calculate the greatest common factor of j and 1920.
120
Let g = 61 - 36. Let c = 28 - g. Let t be (-61)/(-5) - c/15. What is the highest common divisor of t and 3?
3
Let h = 6 - 2. Suppose -7*y + 3*y = 16. Let x be 2/h*y + 15. What is the highest common factor of x and 26?
13
Suppose 12*y + 11250 = 62*y. What is the greatest common factor of 18 and y?
9
Let w = 17 - 23. Let r be (w/4)/(4/(-8)). Let k = r + 2. What is the greatest common divisor of k and 40?
5
Let o be 21/14 + 106/(-4). Let z be (-5)/3*30/o. Let k(n) = 3*n**2 + n - 2. Let u be k(z). What is the greatest common factor of u and 24?
12
Let z be -137 + (-11)/((-11)/2). Let o = -63 - z. Calculate the highest common divisor of 8 and o.
8
Let x = 602 - 462. Calculate the highest common divisor of x and 100.
20
Suppose -595*j + 590*j + 300 = 0. Suppose -2 + 10 = 4*a, 4*p + 3*a = 66. Calculate the highest common factor of j and p.
15
Let o = 17 - 18. Let b be ((-2)/(-6))/(o/(-27)). Let s be 4/(-6) - (-105)/b. What is the greatest common divisor of 1 and s?
1
Let o(q) be the third derivative of -q**4/24 + 11*q**2. Let r be o(-8). What is the greatest common factor of 1 and r?
1
Let s = 51 - 31. Let f = 217 - 77. Calculate the highest common divisor of s and f.
20
Let z(y) = 12*y + 9. Let a be z(13). Calculate the greatest common divisor of 385 and a.
55
Suppose 308 = 29*g - 22*g. What is the highest common factor of g and 11?
11
Let p = 4747 - 3148. What is the highest common divisor of p and 123?
123
Let l be (-1 - (-45)/30)/(2/4488). What is the greatest common divisor of 66 and l?
66
Let v be (-60)/(-40) + 10/4. Let i = 20 - 20. Suppose s - 52 + 8 = i. Calculate the highest common divisor of s and v.
4
Suppose -2*w - h = -37, 5*w - h = 45 + 37. Suppose -u = 3*l - 13, -5*u = 4*l - l - w. Calculate the greatest common divisor of 2 and l.
2
Let v = 95 - 88. Let w be (70/25)/(4/10). Calculate the highest common divisor of w and v.
7
Suppose 5*v + 3*w = -2*w + 10, 2*v + 2 = 4*w. Let f = -71 + 80. What is the greatest common divisor of v and f?
1
Let c(p) = -p**3 + 381 - 26*p**2 + 0*p**3 - 51*p - 377. Let x be c(-24). Let o = 63 - 44. Calculate the highest common factor of x and o.
19
Let h = -20 - -26. Suppose -5*n - 8 = -4*b, 0 = -2*b - 2 + h. Suppose n = 2*i + s - 3, 4*s - 1 = i + 5*s. What is the highest common factor of 2 and i?
2
Let m be 3/(((-3)/2)/3). Let k(x) = -6*x - 6. Let b be k(m). Suppose -12*o + 19 = -53. What is the greatest common divisor of b and o?
6
Let y be -1*(-496 - 1/1). What is the greatest common divisor of 7 and y?
7
Let o be 11 - 2 - 5/((-10)/2). Let q be (0/(-1) + 1)*0. Let l be 78 - (1 - q)*-2. Calculate the greatest common factor of l and o.
10
Let k be ((-2)/(-4))/((-6)/(-396)). Calculate the highest common divisor of k and 66.
33
Let l be ((-4)/(48/927))/((-3)/8). Let n = l + 3. What is the greatest common factor of n and 19?
19
Let g(h) = -20*h + 258. Let x be g(-33). Calculate the highest common factor of x and 102.
102
Let v = -588 - -628. Calculate the highest common divisor of 640 and v.
40
Suppose -s - s - 22 = -4*y, -y + 4*s + 9 = 0. Suppose -19 = -4*n + r - 1, -2*n + 8 = -r. Calculate the highest common divisor of n and y.
5
Let c be (2/4)/((-8)/1360). Let u = c - -149. Let n = u - 45. What is the highest common divisor of 76 and n?
19
Suppose 27*m - 98 = 13*m. Calculate the greatest common factor of m and 21.
7
Let a = 45 - 43. Suppose 3*n - 103 = -2*f, -a*n = f + 3*n - 41. What is the greatest common divisor of 8 and f?
8
Suppose -6*j + 428 - 44 = 0. Calculate the highest common factor of 128 and j.
64
Let g = 1677 - 865. What is the highest common factor of 28 and g?
28
Suppose -211 = -8*x - 27. Let q = -47 + 254. What is the highest common factor of q and x?
23
Let g be (-2)/(-33) + (-7516)/(-132). What is the greatest common divisor of g and 513?
57
Suppose -3*v = -2*r - 4, 2*r = r - 5*v + 24. Suppose -4*g - 12 = r*c - 64, 0 = -2*c + g + 35. Calculate the highest common divisor of c and 4.
4
Suppose -3*k + 17*k = 252. Calculate the highest common divisor of 72 and k.
18
Let m(u) = -24*u - 106. Let w be m(-12). Calculate the highest common factor of 13 and w.
13
Let o = -25 + 7. Let g = 0 - -3. Let l be (33/(-6))/(g/o). Calculate the highest common divisor of l and 11.
11
Let m = -7 - -11. Suppose -k + m*k = 81. Suppose 0 = -f - 0*f + k. What is the highest common factor of 9 and f?
9
Let s = -438 + 474. Calculate the highest common factor of s and 228.
12
Let n be 1/(-9)*-3*(-1521)/(-3). Suppose -n - 566 = -7*q. What is the highest common factor of q and 21?
21
Let v(w) = w**3 + 7*w**2 - 21*w - 18. Let s be v(-9). Suppose 104 = -c + s*c. Calculate the greatest common divisor of c and 104.
13
Suppose 0 = -3*h - 16 - 29. Let f(t) = -t - 12. Let o be f(h). Suppose 10 = 2*c, 7*d = o*d - 3*c + 103. Calculate the greatest common divisor of d and 33.
11
Let h be ((120/(-9))/10)/((-2)/3). Suppose h*c - 14 - 12 = 0. Calculate the greatest common divisor of c and 39.
13
Let p be (-3)/6 - (-30)/4. Let d be (14/(-4))/((-9)/18). What is the greatest common factor of d and p?
7
Let g = 38 - 8. What is the highest common factor of g and 130?
10
Le